{"id":181,"date":"2020-09-09T14:50:39","date_gmt":"2020-09-09T14:50:39","guid":{"rendered":"http:\/\/www.neunpfeile.de\/?page_id=181"},"modified":"2021-09-15T10:20:07","modified_gmt":"2021-09-15T10:20:07","slug":"die-autorin","status":"publish","type":"page","link":"https:\/\/www.neunpfeile.de\/index.php\/die-autorin\/","title":{"rendered":"Die Autorin"},"content":{"rendered":"\n<div class=\"wp-block-image\"><figure class=\"aligncenter size-full is-resized\"><img loading=\"lazy\" decoding=\"async\" src=\"https:\/\/www.neunpfeile.de\/wp-content\/uploads\/2020\/09\/Marlis_Bader_900.jpg\" alt=\"\" class=\"wp-image-182\" width=\"675\" height=\"452\" srcset=\"https:\/\/www.neunpfeile.de\/wp-content\/uploads\/2020\/09\/Marlis_Bader_900.jpg 900w, https:\/\/www.neunpfeile.de\/wp-content\/uploads\/2020\/09\/Marlis_Bader_900-300x201.jpg 300w, https:\/\/www.neunpfeile.de\/wp-content\/uploads\/2020\/09\/Marlis_Bader_900-768x515.jpg 768w, https:\/\/www.neunpfeile.de\/wp-content\/uploads\/2020\/09\/Marlis_Bader_900-272x182.jpg 272w\" sizes=\"auto, (max-width: 675px) 100vw, 675px\" \/><\/figure><\/div>\n\n\n\n<p>In unserer Familie geh\u00f6rte es zur Tradition, sich gegenseitig vorzulesen. Gemeinsam wurde eine Unzahl spannender B\u00fccher \u00bbverschlungen\u00ab. Als meine Tochter ein Auslandsjahr machte, kam mir der Gedanke, selbst einen Roman zu schreiben und ihr Kapitel f\u00fcr Kapitel \u00fcber den Atlantik zu senden. Ihre Meinung interessierte mich brennend, denn es sollte ein Gemeinschaftsprojekt werden. Ein spannender, tiefgr\u00fcndiger und bewegender Stoff mit der Freiheit, in andere Welten einzutauchen.<br>Die unterschiedlichen Universen der Fantasy Romane faszinierten mich, doch die \u00fcbermenschlich magischen Kr\u00e4fte der Helden und Antihelden haben mich meist gelangweilt. Auch die Aufteilung von Gut und B\u00f6se war mir oft zu platt. Was, wenn der \u00bbHeld\u00ab oder die \u00bbHeldin\u00ab endlich am Ziel und die \u00bbB\u00f6sen\u00ab besiegt sind? F\u00fcr mich wird es erst in diesem Moment spannend, mich interessiert die Alchemie des Lebens, die \u00bbWelt hinter der Welt\u00ab. Ich habe in den unterschiedlichsten spirituellen Traditionen gesucht und gefunden und meine pers\u00f6nlichen Erfahrungen, die auf schamanischem Wissen aufbauen, in die Geschichte mit eingewebt. So hat sich diese etwas \u00bbandere\u00ab Drachenreitergeschichte allm\u00e4hlich geformt.<br>Als Seminarleiterin und Autorin von Sachb\u00fcchern zu den Themen Kr\u00e4uterwissen und Ritual war es f\u00fcr mich eine ganz neue Erfahrung, einen Roman zu schreiben. Staunend beobachtete ich, wie die Figuren ihr eigenes Leben entwickelten; ich musste ihnen nur folgen. Die Geschichte entstand wie von selbst.<\/p>\n\n\n\n<p><br><br><\/p>\n\n\n\n<p><\/p>\n\n\n\n<p class=\"has-text-align-center\"><strong>Bisher von mir erschienene Sachb\u00fccher:<\/strong><\/p>\n\n\n\n<p><br><\/p>\n\n\n\n<div class=\"wp-block-columns is-layout-flex wp-container-core-columns-is-layout-9d6595d7 wp-block-columns-is-layout-flex\">\n<div class=\"wp-block-column is-layout-flow wp-block-column-is-layout-flow\"><div\n\t\t\t\n\t\t\tclass=\"so-widget-sow-image so-widget-sow-image-default-113ccd71f3e6\"\n\t\t\t\n\t\t>\n<div class=\"sow-image-container\">\n\t\t<img \n\tsrc=\"https:\/\/www.neunpfeile.de\/wp-content\/uploads\/2020\/09\/cover_naturrituale.png\" width=\"160\" height=\"230\" sizes=\"(max-width: 160px) 100vw, 160px\" alt=\"Cover des Buches &quot;Naturrituale zur Lebensbegleitung&quot;\" \t\tclass=\"so-widget-image\"\/>\n\t<\/div>\n\n<h3 class=\"widget-title\"><\/h3><\/div><\/div>\n\n\n\n<div class=\"wp-block-column is-layout-flow wp-block-column-is-layout-flow\"><div\n\t\t\t\n\t\t\tclass=\"so-widget-sow-image so-widget-sow-image-default-c67d20f9f743\"\n\t\t\t\n\t\t>\n<div class=\"sow-image-container\">\n\t\t<img \n\tsrc=\"https:\/\/www.neunpfeile.de\/wp-content\/uploads\/2020\/09\/cover_raeuchern.png\" width=\"160\" height=\"230\" sizes=\"(max-width: 160px) 100vw, 160px\" alt=\"Cover des Buches &quot;R\u00e4uchern mit heimischen \u00adKr\u00e4utern&quot;\" \t\tclass=\"so-widget-image\"\/>\n\t<\/div>\n\n<\/div><\/div>\n\n\n\n<div class=\"wp-block-column is-layout-flow wp-block-column-is-layout-flow\"><div\n\t\t\t\n\t\t\tclass=\"so-widget-sow-image so-widget-sow-image-default-c67d20f9f743\"\n\t\t\t\n\t\t>\n<div class=\"sow-image-container\">\n\t\t<img \n\tsrc=\"https:\/\/www.neunpfeile.de\/wp-content\/uploads\/2020\/09\/cover_wohnen.png\" width=\"160\" height=\"245\" sizes=\"(max-width: 160px) 100vw, 160px\" alt=\"Cover des Buches &quot;Wohnen in guter Energie&quot;\" \t\tclass=\"so-widget-image\"\/>\n\t<\/div>\n\n<\/div>\n\n\n<p><\/p>\n<\/div>\n<\/div>\n\n\n\n<div class=\"wp-block-columns is-layout-flex wp-container-core-columns-is-layout-9d6595d7 wp-block-columns-is-layout-flex\">\n<div class=\"wp-block-column is-layout-flow wp-block-column-is-layout-flow\">\n<p class=\"has-text-align-center\"><strong>Naturrituale zur Lebensbegleitung<\/strong><br><em>Baumkr\u00e4fte und R\u00e4ucherpflanzen<br> zur Heilung und St\u00e4rkung<\/em><\/p>\n\n\n\n<p class=\"has-text-align-center\">Gebundene Ausgabe, 176 Seiten<br>Format: 23,6 x 16,2 cm, AT Verlag<br>ISBN: 978-3038008248<\/p>\n<\/div>\n\n\n\n<div class=\"wp-block-column is-layout-flow wp-block-column-is-layout-flow\">\n<p class=\"has-text-align-center\"><strong>R\u00e4uchern mit heimischen \u00adKr\u00e4utern<\/strong><br><em>Anwendung, Wirkung und Rituale<br> im Jahreskreis<\/em><\/p>\n\n\n\n<p class=\"has-text-align-center\">Taschenbuch: 240 Seiten,<br> Goldmann Verlag<br>ISBN-13: 978-3442218110<\/p>\n<\/div>\n\n\n\n<div class=\"wp-block-column is-layout-flow wp-block-column-is-layout-flow\">\n<p class=\"has-text-align-center\"><strong>Wohnen in guter Energie<\/strong><br><em>R\u00e4uchern und Rituale<br> f\u00fcr Haus und Wohnung<\/em><\/p>\n\n\n\n<p class=\"has-text-align-center\">Taschenbuch: 172 Seiten, K\u00f6sel-Verlag<br>ISBN-13: 978-3466344963<\/p>\n<\/div>\n<\/div>\n\n\n\n<p><br><\/p>\n\n\n\n<p class=\"has-text-align-center\"><a href=\"https:\/\/marlis-bader.de\/\" target=\"_blank\" rel=\"noreferrer noopener\"><strong>Und hier geht es zu meiner Homepage \u00bbmarlis-bader.de\u00ab<\/strong><\/a><\/p>\n\n\n\n<p><br><\/p>\n","protected":false},"excerpt":{"rendered":"<p>In unserer Familie geh\u00f6rte es zur Tradition, sich gegenseitig vorzulesen. Gemeinsam wurde eine Unzahl spannender B\u00fccher \u00bbverschlungen\u00ab. Als meine Tochter ein Auslandsjahr machte, kam mir der Gedanke, selbst einen Roman zu schreiben und ihr Kapitel f\u00fcr Kapitel \u00fcber den Atlantik zu senden. Ihre Meinung interessierte mich brennend, denn es sollte ein Gemeinschaftsprojekt werden. [&hellip;]<\/p>\n","protected":false},"author":1,"featured_media":0,"parent":0,"menu_order":0,"comment_status":"closed","ping_status":"closed","template":"","meta":{"footnotes":""},"class_list":["post-181","page","type-page","status-publish","hentry","post"],"_links":{"self":[{"href":"https:\/\/www.neunpfeile.de\/index.php\/wp-json\/wp\/v2\/pages\/181","targetHints":{"allow":["GET"]}}],"collection":[{"href":"https:\/\/www.neunpfeile.de\/index.php\/wp-json\/wp\/v2\/pages"}],"about":[{"href":"https:\/\/www.neunpfeile.de\/index.php\/wp-json\/wp\/v2\/types\/page"}],"author":[{"embeddable":true,"href":"https:\/\/www.neunpfeile.de\/index.php\/wp-json\/wp\/v2\/users\/1"}],"replies":[{"embeddable":true,"href":"https:\/\/www.neunpfeile.de\/index.php\/wp-json\/wp\/v2\/comments?post=181"}],"version-history":[{"count":26,"href":"https:\/\/www.neunpfeile.de\/index.php\/wp-json\/wp\/v2\/pages\/181\/revisions"}],"predecessor-version":[{"id":474,"href":"https:\/\/www.neunpfeile.de\/index.php\/wp-json\/wp\/v2\/pages\/181\/revisions\/474"}],"wp:attachment":[{"href":"https:\/\/www.neunpfeile.de\/index.php\/wp-json\/wp\/v2\/media?parent=181"}],"curies":[{"name":"wp","href":"https:\/\/api.w.org\/{rel}","templated":true}]}}

<div class="wp-block-image"><figure class="aligncenter size-full is-resized"><img loading="lazy" decoding="async" src="https://www.neunpfeile.de/wp-content/uploads/2020/09/Marlis_Bader_900.jpg" alt="" class="wp-image-182" width="675" height="452" srcset="https://www.neunpfeile.de/wp-content/uploads/2020/09/Marlis_Bader_900.jpg 900w, https://www.neunpfeile.de/wp-content/uploads/2020/09/Marlis_Bader_900-300x201.jpg 300w, https://www.neunpfeile.de/wp-content/uploads/2020/09/Marlis_Bader_900-768x515.jpg 768w, https://www.neunpfeile.de/wp-content/uploads/2020/09/Marlis_Bader_900-272x182.jpg 272w" sizes="auto, (max-width: 675px) 100vw, 675px" /></figure></div>



<p>In unserer Familie gehörte es zur Tradition, sich gegenseitig vorzulesen. Gemeinsam wurde eine Unzahl spannender Bücher »verschlungen«. Als meine Tochter ein Auslandsjahr machte, kam mir der Gedanke, selbst einen Roman zu schreiben und ihr Kapitel für Kapitel über den Atlantik zu senden. Ihre Meinung interessierte mich brennend, denn es sollte ein Gemeinschaftsprojekt werden. Ein spannender, tiefgründiger und bewegender Stoff mit der Freiheit, in andere Welten einzutauchen.<br>Die unterschiedlichen Universen der Fantasy Romane faszinierten mich, doch die übermenschlich magischen Kräfte der Helden und Antihelden haben mich meist gelangweilt. Auch die Aufteilung von Gut und Böse war mir oft zu platt. Was, wenn der »Held« oder die »Heldin« endlich am Ziel und die »Bösen« besiegt sind? Für mich wird es erst in diesem Moment spannend, mich interessiert die Alchemie des Lebens, die »Welt hinter der Welt«. Ich habe in den unterschiedlichsten spirituellen Traditionen gesucht und gefunden und meine persönlichen Erfahrungen, die auf schamanischem Wissen aufbauen, in die Geschichte mit eingewebt. So hat sich diese etwas »andere« Drachenreitergeschichte allmählich geformt.<br>Als Seminarleiterin und Autorin von Sachbüchern zu den Themen Kräuterwissen und Ritual war es für mich eine ganz neue Erfahrung, einen Roman zu schreiben. Staunend beobachtete ich, wie die Figuren ihr eigenes Leben entwickelten; ich musste ihnen nur folgen. Die Geschichte entstand wie von selbst.</p>



<p><br><br></p>



<p></p>



<p class="has-text-align-center"><strong>Bisher von mir erschienene Sachbücher:</strong></p>



<p><br></p>



<div class="wp-block-columns is-layout-flex wp-container-core-columns-is-layout-9d6595d7 wp-block-columns-is-layout-flex">
<div class="wp-block-column is-layout-flow wp-block-column-is-layout-flow"><div
			
			class="so-widget-sow-image so-widget-sow-image-default-113ccd71f3e6"
			
		>
<div class="sow-image-container">
		<img 
	src="https://www.neunpfeile.de/wp-content/uploads/2020/09/cover_naturrituale.png" width="160" height="230" sizes="(max-width: 160px) 100vw, 160px" alt="Cover des Buches &quot;Naturrituale zur Lebensbegleitung&quot;" 		class="so-widget-image"/>
	</div>

<h3 class="widget-title"></h3></div></div>



<div class="wp-block-column is-layout-flow wp-block-column-is-layout-flow"><div
			
			class="so-widget-sow-image so-widget-sow-image-default-c67d20f9f743"
			
		>
<div class="sow-image-container">
		<img 
	src="https://www.neunpfeile.de/wp-content/uploads/2020/09/cover_raeuchern.png" width="160" height="230" sizes="(max-width: 160px) 100vw, 160px" alt="Cover des Buches &quot;Räuchern mit heimischen ­Kräutern&quot;" 		class="so-widget-image"/>
	</div>

</div></div>



<div class="wp-block-column is-layout-flow wp-block-column-is-layout-flow"><div
			
			class="so-widget-sow-image so-widget-sow-image-default-c67d20f9f743"
			
		>
<div class="sow-image-container">
		<img 
	src="https://www.neunpfeile.de/wp-content/uploads/2020/09/cover_wohnen.png" width="160" height="245" sizes="(max-width: 160px) 100vw, 160px" alt="Cover des Buches &quot;Wohnen in guter Energie&quot;" 		class="so-widget-image"/>
	</div>

</div>


<p></p>
</div>
</div>



<div class="wp-block-columns is-layout-flex wp-container-core-columns-is-layout-9d6595d7 wp-block-columns-is-layout-flex">
<div class="wp-block-column is-layout-flow wp-block-column-is-layout-flow">
<p class="has-text-align-center"><strong>Naturrituale zur Lebensbegleitung</strong><br><em>Baumkräfte und Räucherpflanzen<br> zur Heilung und Stärkung</em></p>



<p class="has-text-align-center">Gebundene Ausgabe, 176 Seiten<br>Format: 23,6 x 16,2 cm, AT Verlag<br>ISBN: 978-3038008248</p>
</div>



<div class="wp-block-column is-layout-flow wp-block-column-is-layout-flow">
<p class="has-text-align-center"><strong>Räuchern mit heimischen ­Kräutern</strong><br><em>Anwendung, Wirkung und Rituale<br> im Jahreskreis</em></p>



<p class="has-text-align-center">Taschenbuch: 240 Seiten,<br> Goldmann Verlag<br>ISBN-13: 978-3442218110</p>
</div>



<div class="wp-block-column is-layout-flow wp-block-column-is-layout-flow">
<p class="has-text-align-center"><strong>Wohnen in guter Energie</strong><br><em>Räuchern und Rituale<br> für Haus und Wohnung</em></p>



<p class="has-text-align-center">Taschenbuch: 172 Seiten, Kösel-Verlag<br>ISBN-13: 978-3466344963</p>
</div>
</div>



<p><br></p>



<p class="has-text-align-center"><a href="https://marlis-bader.de/" target="_blank" rel="noreferrer noopener"><strong>Und hier geht es zu meiner Homepage »marlis-bader.de«</strong></a></p>



<p><br></p>

<p>In unserer Familie gehörte es zur Tradition, sich gegenseitig vorzulesen. Gemeinsam wurde eine Unzahl spannender Bücher »verschlungen«. Als meine Tochter ein Auslandsjahr machte, kam mir der Gedanke, selbst einen Roman zu schreiben und ihr Kapitel für Kapitel über den Atlantik zu senden. Ihre Meinung interessierte mich brennend, denn es sollte ein Gemeinschaftsprojekt werden. [&hellip;]</p>
